
-111111110000 (base 2) to base 16
-ff0
Convert -1a6 (base 13) to base 10.
-305
Convert 19d2 (base 14) to base 11.
3586
What is -1310330 (base 4) in base 10?
-7484
What is -297 (base 16) in base 14?
-355
Convert -2184a (base 12) to base 5.
-2410120
Convert -2411 (base 6) to base 16.
-247
-2661 (base 13) to base 12
-3213
Convert -1123104 (base 5) to base 14.
-7616
1022020 (base 3) to base 16
3b7
Convert -27367 (base 10) to base 2.
-110101011100111
Convert -22505 (base 10) to base 11.
-159aa
What is -214 (base 11) in base 3?
-100112
What is 130031 (base 6) in base 4?
2312203
Convert -14618 (base 11) to base 4.
-11003212
Convert -81b (base 14) to base 7.
-4434
What is 100111000010001 (base 2) in base 10?
19985
Convert -1431330 (base 5) to base 2.
-111011000000111
Convert -10185 (base 9) to base 14.
-263d
What is 22013313 (base 4) in base 2?
1010000111110111
What is -14142 (base 5) in base 6?
-5232
What is -44c0 (base 15) in base 14?
-5456
What is -92 (base 13) in base 12?
-9b
Convert 52c (base 13) to base 10.
883
Convert -551 (base 14) to base 16.
-41b
20302 (base 4) to base 16
232
What is -1122443 (base 6) in base 10?
-57627
Convert -14d66 (base 15) to base 4.
-100121022
1110 (base 6) to base 10
258
Convert -2649 (base 11) to base 2.
-110101110001
-92d (base 14) to base 3
-2110212
Convert 1522 (base 8) to base 7.
2323
Convert 82 (base 11) to base 15.
60
6244 (base 8) to base 10
3236
What is -3454 (base 7) in base 14?
-664
Convert 5774 (base 12) to base 14.
3796
What is -44125 (base 10) in base 12?
-21651
What is -10122 (base 10) in base 5?
-310442
What is -32212 (base 4) in base 10?
-934
Convert -221434 (base 5) to base 15.
-2464
What is -13c3 (base 13) in base 15?
-cad
Convert -312022 (base 4) to base 13.
-1768
-2625 (base 7) to base 6
-4343
1111210 (base 3) to base 10
1101
What is 512 (base 6) in base 4?
2330
-10000011111100101 (base 2) to base 8
-203745
What is -1291 (base 15) in base 16?
-f79
What is -4133 (base 5) in base 13?
-32a
-50116 (base 7) to base 3
-121112221
Convert 57103 (base 9) to base 13.
143a6
Convert -32d (base 15) to base 5.
-10333
Convert 61b (base 12) to base 14.
475
What is 765 (base 11) in base 8?
1626
7 (base 14) to base 4
13
What is -1908 (base 11) in base 16?
-97c
Convert 74e (base 16) to base 13.
b0b
Convert 110000010101 (base 2) to base 13.
153c
What is 185 (base 16) in base 14?
1db
Convert 2112 (base 6) to base 7.
1250
What is -11231 (base 4) in base 6?
-1405
1405 (base 6) to base 7
1031
Convert 2222020 (base 3) to base 12.
1306
1021222 (base 4) to base 9
6417
-30556 (base 7) to base 2
-1110101000001
What is -101111101010 (base 2) in base 16?
-bea
2200132 (base 4) to base 2
10100000011110
-30440 (base 5) to base 11
-1554
-11000110100 (base 2) to base 12
-b04
112313 (base 4) to base 13
887
Convert 10b (base 15) to base 12.
178
What is -756 (base 9) in base 12?
-436
Convert 21212010 (base 3) to base 9.
7763
-3d6 (base 15) to base 14
-468
What is 444402 (base 6) in base 4?
21012302
Convert 104 (base 9) to base 5.
320
Convert 65c (base 14) to base 8.
2352
-3969 (base 10) to base 9
-5400
-8887 (base 12) to base 8
-35347
Convert 474 (base 11) to base 2.
1000110101
What is 3158 (base 9) in base 4?
210101
Convert 20212321 (base 4) to base 15.
a6a7
-3400 (base 13) to base 3
-100222011
What is 7652 (base 8) in base 15?
12c5
Convert -454 (base 11) to base 14.
-2ab
What is 70c (base 16) in base 6?
12204
8245 (base 13) to base 3
220122121
What is -102120112 (base 3) in base 15?
-2778
1240343 (base 6) to base 15
1501c
3387 (base 13) to base 10
7209
Convert -379 (base 13) to base 6.
-2451
Convert -1100001100 (base 2) to base 5.
-11110
2848 (base 11) to base 7
13510
-6255 (base 9) to base 15
-155b
What is 1063 (base 8) in base 13?
344
What is 33105 (base 8) in base 10?
13893
What is -1010010111000010 (base 2) in base 9?
-64178
What is 2804 (base 9) in base 8?
4076
What is 170 (base 15) in base 11?
280
What is -1076b (base 12) in base 7?
-120431
227 (base 15) to base 8
747
5654 (base 8) to base 3
11002200
What is 52505 (base 6) in base 4?
1232321
What is 730 (base 16) in base 15?
82a
150 (base 13) to base 16
ea
Convert -1110012 (base 3) to base 13.
-635
180a (base 12) to base 10
2890
Convert 36061 (base 9) to base 14.
8b04
-92 (base 10) to base 11
-84
Convert -10258 (base 9) to base 4.
-1221320
Convert -14676 (base 12) to base 3.
-1110020100
What is -7423 (base 8) in base 14?
-1599
What is 283 (base 9) in base 12?
179
What is -1566 (base 8) in base 4?
-31312
Convert 3353 (base 7) to base 8.
2276
What is 3043 (base 5) in base 9?
482
-1a (base 14) to base 3
-220
Convert 2380 (base 14) to base 13.
2a80
Convert -31d (base 15) to base 2.
-1010111111
Convert -12176 (base 8) to base 6.
-40142
Convert -212121220 (base 3) to base 12.
-9b73
Convert -a92b (base 15) to base 11.
-24a00
What is 10101001100 (base 2) in base 5?
20411
What is 232244 (base 5) in base 6?
103041
15425 (base 6) to base 13
1202
1c1 (base 14) to base 13
221
Convert 31073 (base 9) to base 8.
47776
What is -11020 (base 7) in base 11?
-2088
What is 2340424 (base 5) in base 11?
2a539
Convert 5299 (base 10) to base 8.
12263
10123 (base 9) to base 11
5008
147420 (base 8) to base 15
10a8d
What is -14445 (base 7) in base 2?
-111110100010
What is 1430 (base 9) in base 11?
8a2
What is 2d68 (base 14) in base 11?
611a
What is 31087 (base 11) in base 8?
130445
Convert 10101001101 (base 2) to base 7.
3646
212013 (base 5) to base 10
7133
What is -132140 (base 5) in base 6?
-40303
Convert -10100010011 (base 2) to base 13.
-78c
What is 303 (base 5) in base 9?
86
What is -2012200 (base 4) in base 10?
-8608
-62606 (base 7) to base 6
-155132
Convert -33241 (base 7) to base 15.
-2724
Convert 9cbb (base 15) to base 9.
50545
What is 1011111 (base 3) in base 2?
1101010010
Convert -3325 (base 6) to base 7.
-2153
What is -22047 (base 8) in base 15?
-2b20
-5c8c (base 14) to base 4
-3331010
What is 1140 (base 7) in base 15?
1d0
Convert 31041 (base 5) to base 14.
a45
-2a91 (base 16) to base 13
-4c63
Convert -7cb5 (base 14) to base 12.
-1069b
What is -211111222 (base 3) in base 5?
-1011130
13646 (base 8) to base 15
1bd9
What is -61310 (base 7) in base 11?
-10219
What is 22001 (base 4) in base 5?
10031
What is e70 (base 16) in base 3?
12001220
What is -361 (base 8) in base 7?
-463
What is -142022 (base 6) in base 10?
-13406
Convert 1100010101 (base 2) to base 10.
789
383 (base 9) to base 7
633
What is 12 (base 16) in base 14?
14
Convert -5756 (base 14) to base 8.
-35500
Convert 100011100011 (base 2) to base 4.
203203
Convert 1c60 (base 16) to base 3.
100222001
What is d8a (base 14) in base 12?
1666
Convert -834 (base 10) to base 12.
-596
Convert 38a1 (base 13) to base 8.
17612
What is -871 (base 10) in base 15?
-3d1
Convert -3148 (base 10) to base 8.
-6114
Convert -30022 (base 8) to base 15.
-39a6
-23657 (base 12) to base 16
-b9e3
-d801 (base 15) to base 16
-b26c
Convert -1100010001000 (base 2) to base 12.
-3774
Convert -11862 (base 10) to base 3.
-121021100
What is 21c6 (base 14) in base 10?
5858
Convert -36 (base 8) to base 9.
-33
-69dc (base 14) to base 2
-100011111110110
What is 32211 (base 6) in base 4?
1010233
Convert 32830 (base 9) to base 6.
245000
What is -2378 (base 10) in base 16?
-94a
1010111000 (base 2) to base 6
3120
What is -546 (base 8) in base 2?
-101100110
What is 112742 (base 9) in base 2?
10000100001011001
What is 26b50 (base 13) in base 16?
11a24
Convert 4456 (base 8) to base 6.
14514
3850 (base 9) to base 6
21200
What is -9b6 (base 12) in base 10?
-1434
What is -1ab6 (base 15) in base 14?
-2180
2032 (base 7) to base 12
4b1
Convert -135234 (base 6) to base 3.
-122121111
Convert -4265 (base 8) to base 11.
-1747
3665 (base 10) to base 4
321101
2b37 (base 13) to base 16
189b
Convert 17429 (base 14) to base 7.
332252
What is -1ae (base 15) in base 10?
-389
Convert -4c3 (base 15) to base 2.
-10000111011
Convert -1041110 (base 5) to base 12.
-a6b4
Convert 300142 (base 5) to base 6.
111342
40460 (base 9) to base 15
7d4c
What is -12132 (base 4) in base 11?
-347
Convert -2100112 (base 3) to base 10.
-1715
Convert -1040 (base 5) to base 12.
-101
2311 (base 7) to base 15
3b1
What is -102 (base 10) in base 8?
-146
Convert 20133 (base 4) to base 9.
663
What is 3177 (base 10) in base 7?
12